 34. Let y be (-24)/l*(-2 - -20). Suppose -6*b = -2*b + 5*k - y, -3*b + 47 = k. List the prime factors of b.
17
Suppose 0 = 2*c + 3*c. Suppose c = -3*d + 4*d. Let p(g) = g**3 - g**2 - g + 16. List the prime factors of p(d).
2
Let h(l) = l**2 + 8*l + 10. List the prime factors of h(-8).
2, 5
Suppose 4*h - 147 - 117 = 0. Suppose 14*y = 16*y - h. List the prime factors of y.
3, 11
Suppose -3*h + 26 + 46 = -5*c, 4*h - 5*c - 96 = 0. Let m be (-7)/((-3)/(h - 0)). Suppose -3*o = o + 4, 0 = 4*u + 4*o - m. What are the prime factors of u?
3, 5
Let o(m) = -m**3 - 4*m**2 + 3*m - 5. Suppose 0 = 5*y - 6 + 31. List the prime factors of o(y).
5
Suppose -5*f - f + 336 = 0. What are the prime factors of f?
2, 7
Suppose -3*i + 0 = -9. List the prime factors of i.
3
Let p be 126/8 - 12/16. What are the prime factors of (-1*p)/(15/(-25))?
5
Let v be (-2)/3 + (-1552)/(-24). Suppose -4*s + v = 5*o, -89 = -5*o - s - 13. List the prime factors of o.
2
Let f(r) = -r**3 + 7*r**2 + 13*r - 12. List the prime factors of f(7).
79
Suppose 16 = 4*v - 4. Suppose -4 = 2*b, v*k - 5*b = -2*b + 26. What are the prime factors of k + 4 + 2/(-2)?
7
Suppose 5*p = -4*n - 5, 2 = 3*n + 5*p + 12. Let f = -15 + 21. Suppose n*j + 4 = f*j. What are the prime factors of j?
2
Let j = -11 - -16. Suppose j*s - 87 = -2. What are the prime factors of s?
17
Let m be 2/(-5) - 216/(-40). Suppose s - m*s + 76 = 0. What are the prime factors of s?
19
Suppose 5*o + 95 = -0*v + 3*v, -2*v = o - 59. List the prime factors of v.
2, 3, 5
Let p be (30 - -4)/(1*2). Let m = p + -7. What are the prime factors of m?
2, 5
Suppose 0 = 10*j - 5*j - 190. What are the prime factors of j?
2, 19
Let m(d) be the third derivative of d**6/120 - 2*d**5/15 + d**4/12 - 7*d**3/6 + 4*d**2. List the prime factors of m(8).
3
Let b be 4*(6/2)/(-6). What are the prime factors of ((-63)/(-14))/(b/(-20))?
3, 5
Let h be 100/(-15) - 2/6. Let j = -5 - h. What are the prime factors of j?
2
Suppose -3*n + 3*u - 9 = 0, 4*n + n = u + 5. Suppose -4*d - 3*k + 38 - 8 = 0, -n*k = -d + 13. List the prime factors of d.
3
Suppose 4*v + 4*y - 76 = 0, 3*v - 63 = -5*y - 12. Suppose 3 = 5*o - v. List the prime factors of o.
5
Let q(w) be the first derivative of w**4/4 - 4*w**3/3 + 3*w**2/2 + 2*w + 5. What are the prime factors of q(3)?
2
Let s(m) = -6*m + 1. Let y be s(-1). Let p be 1/(y/3 - 2). Suppose -3*f - 1 = g, -4*f + 9 = 3*g - p. List the prime factors of g.
2
Let z be 8 - ((-2)/(-2) - -1). Let y be (-3)/z*(-12)/1. Let b(t) = t**2 - 6*t + 3. List the prime factors of b(y).
3
Suppose -r + 2*x - 5 = 0, -4*r + x + 2*x + 5 = 0. Suppose -r*c = -10 - 15. Suppose -5*a - l + 46 = -29, -c*a + l = -85. List the prime factors of a.
2
Let z(k) = -k + 22. Let a be z(10). Suppose 4*f = u + a, -3*f = 4*u - 5*f - 22. What are the prime factors of u?
2
Let f(s) = 4*s + 5. Let z(n) = -n - 1. Let d(m) = -f(m) - 2*z(m). What are the prime factors of d(-3)?
3
Let m(q) = q**3 + 12*q**2 + 2*q + 4. List the prime factors of m(-6).
2, 13
Let s(c) = 5*c**2 + c - 1. Let x be s(-2). Let g = 4 - 8. Let f = x + g. List the prime factors of f.
13
Suppose -2*o = 3*o - 240. Let f be ((-1)/(-2))/((-2)/(-36)). Suppose 5*c - f*c = -o. What are the prime factors of c?
2, 3
Suppose 5*q = 2*m + 66, 0 = -q - 3*q - 2*m + 60. List the prime factors of q.
2, 7
Let w = 435 + -197. List the prime factors of w.
2, 7, 17
Let x = 15 + 8. What are the prime factors of x?
23
Let d be 14/(-21)*(-114)/4. List the prime factors of -1 + (d - 3) - 0.
3, 5
Let z be ((-2)/4 + 1)*6. Let n = 3 - z. What are the prime factors of 6/(6/8 - n)?
2
Suppose 9 = 2*n - 3. List the prime factors of n.
2, 3
Suppose -h - 5*i + 76 = 2*h, -3*h = 4*i - 77. List the prime factors of h.
3
List the prime factors of (-5)/(-10)*4*14.
2, 7
Let q = -5 - -1. Let l(s) = 2*s**3 + 23*s**2 + 13*s - 4. Let z(o) = o**3 + 11*o**2 + 6*o - 2. Let w(a) = -6*l(a) + 13*z(a). List the prime factors of w(q).
2, 7
Let c(y) = -y**3 - 2*y**2 + 3*y + 8. Let x(z) = -z**3 - z**2 + 3*z + 7. Let p(f) = -5*c(f) + 6*x(f). What are the prime factors of p(4)?
2, 7
Let k(z) = z**2 - 4*z - 5. Let o be k(4). Let a(f) = 0 + f + 2 + 7. What are the prime factors of a(o)?
2
Let r = -4 + 4. Suppose r = -5*l + 16 + 9. What are the prime factors of l?
5
Let i(k) = 12*k + 4. Let s be i(-4). Let o = 68 + s. Suppose -3*b = 5 - 2, 2*b - o = -2*u. List the prime factors of u.
13
Let b(p) = -p**3 + 7*p**2 + p - 2. What are the prime factors of b(7)?
5
Suppose 0*i - i - 4*v = -22, -2*i + 4*v = 4. Let s = i - 3. List the prime factors of s.
3
Let y = 242 - 95. List the prime factors of y.
3, 7
Suppose 0 = -5*y + 3*y + 2. Let q be 4 - 3 - (-8 + y). Suppose 0 = -0*n - n + q. List the prime factors of n.
2
Suppose 2 = f - j, 3*f - 5 = 3*j + j. Suppose 0*c + c - f = 0. List the prime factors of c.
3
Suppose -2*f + 12 = 4. List the prime factors of 7 + (-12)/f + 5.
3
Suppose -s - 4*t + 1 = 0, 3*s - 4*t + 27 = 6*s. Suppose 0*q + q = m - 15, -5*q = 3*m - s. List the prime factors of m.
11
Suppose 104 = -2*k + 4*k. Let h = k + -34. List the prime factors of h.
2, 3
Let d be -21*(-2)/3 + 2. Let o = d - -13. List the prime factors of o.
29
Let i be 98/(-6) - 2/3. Suppose 4*x + 28 + 2 = -2*a, -3 = x. Let t = a - i. List the prime factors of t.
2
Suppose -9 = -2*u + u. Let p = u + -3. Let l = 12 - p. List the prime factors of l.
2, 3
Let j(s) = s - 9. List the prime factors of j(14).
5
Let g = -1 - -4. Suppose -g*l = l - 32. List the prime factors of l.
2
Suppose -13*l - 4*x + 22 = -8*l, -5*l = 5*x - 25. What are the prime factors of l?
2
Let b(y) = -y**2 + 4*y + 3. Let g = 5 + -5. Let x(p) = -p + 4. Let n be x(g). List the prime factors of b(n).
3
Let p = -91 - -140. List the prime factors of p.
7
Suppose -9*o - 8 = -13*o. Let y(v) = v**3 - 3*v**2 - 3*v - 2. Let k be y(4). Suppose o = -2*r - 0*a - k*a, -3*r - 8 = 4*a. List the prime factors of r.
2
Suppose -2*f = 3*f - 40. Let s be 0*2*2/f. Suppose s = -3*u + 3*l + 36, -5*u = 5*l - 20 - 20. What are the prime factors of u?
2, 5
Suppose -5*z - k + 21 = 0, -2*z + 9 = -0*k + k. Let y = 1 + z. List the prime factors of y.
5
Let j(g) = -2*g + 10 - g + 4*g. Let i be j(-10). List the prime factors of (-12)/(-3) + i - 2.
2
Let j(u) = u**2 + 9*u + 12. Let g(v) = 2*v. Let f be g(-4). Let l be j(f). Suppose -3*p + 7*p - 44 = -l*t, 0 = p. What are the prime factors of t?
11
Let w(k) = -2*k + 7. Suppose -6*v + 30 = -v. Let d be w(v). Let j = d + 7. List the prime factors of j.
2
Let k(t) = t**2 + 7*t - 8. Let b(q) = 4*q - 1. Let x be b(-2). What are the prime factors of k(x)?
2, 5
Suppose -z - 26 = -3*z - 4*v, 20 = 4*v. Let l = 2 + z. List the prime factors of l.
5
Let s = 160 + 17. List the prime factors of s.
3, 59
Suppose 3*x = -x. Suppose 2*g - 24 - 10 = x. List the prime factors of g.
17
What are the prime factors of (2 - (-81)/(-4))/(1/(-4))?
73
Suppose 4*l - 159 = -3*z, 3*l - 83 = 7*z - 2*z. List the prime factors of l.
2, 3
Suppose -s - 2*s = -39. What are the prime factors of s?
13
Let q(o) = 0*o**3 - 3*o - 3 - 5 + o**3 + 3*o**2 + o**2. What are the prime factors of q(-4)?
2
Suppose c - 16*c = -30. What are the prime factors of c?
2
Suppose -6*p + 4*p = -48. List the prime factors of p.
2, 3
Suppose d + 5*o + 21 = 0, -d + o - 42 = 3*d. Let v = d - -24. Suppose -5*y + 30 = -3*x, -x = -2*y + v - 2. What are the prime factors of y?
3
Let m(z) = -5*z**3 + 1. Let h be m(-1). What are the prime factors of (1 + (-39)/h)*-2?
11
List the prime factors of (-2 - -5)/(24/400).
2, 5
Let x = -5 - -9. Suppose -21 = -x*y + 19. What are the prime factors of ((-3)/(-2))/(5/y)?
3
Let t(o) = 5*o + 0*o**2 + 2*o + 12 - o**2. Let j be t(9). Let i = 0 - j. What are the prime factors of i?
2, 3
What are the prime factors of (-2)/1 - (-40 - 0)?
2, 19
Suppose m - 113 = 47. Let q = m - 89. Suppose 4*p + 34 = 2*x - 12, -p = 5*x - q. What are the prime factors of x?
3, 5
Let u(f) = f - 1. Let t be u(1). Let j(g) = g - 12. Let z be j(t). Let d = -7 - z. What are the prime factors of d?
5
Suppose 0*y - 56 = -4*y. Suppose 0 = 3*l - 5*l + y. Let s = l + -2. List the prime factors of s.
5
Let q(m) = -m**2 - 6*m + 5. What are the prime factors of q(-6)?
5
Suppose -5*x = -10*x. List the prime factors of x + 0 + (5 - 2).
3
Suppose c - 7 = -5*l + 31, c + 2*l = 29.